- 55*x + 8875. Is x a multiple of 20?
True
Let m = 77 + -42. Let t(i) = -4 + 3 + 5 - m*i - 5. Is t(-1) a multiple of 11?
False
Does 41 divide (-1112)/(-12)*15/10?
False
Let h(z) = z**2 - 10*z + 18. Let q be h(8). Let a be -2*q/((-8)/550). Suppose 0*v = 5*v - a. Does 11 divide v?
True
Suppose -t = -3*t + 1802. Is t a multiple of 12?
False
Is 26 a factor of (-8)/(15/(-39)*6/15)?
True
Let v(r) = 8*r - 5. Let s(h) = 4*h - 1. Let q be s(1). Let l = q + 4. Is 15 a factor of v(l)?
False
Suppose 28 - 8 = 5*a. Suppose -368 = -8*q + a*q. Is 23 a factor of q?
True
Let k(a) = -8*a + 564. Does 12 divide k(-36)?
True
Let m(l) = l**3 + 8*l**2 + 4*l. Let i = -9 + 13. Suppose i*c - 10 = -f, -18 = f - 4*c + c. Is m(f) a multiple of 16?
True
Suppose 3*b = 4*b - 66. Let h = b + -131. Let p = 119 + h. Is 18 a factor of p?
True
Let u(o) = -10*o - 6. Let h be u(1). Let s(k) = k**2 + 7*k - 4. Is 22 a factor of s(h)?
False
Let h = 92 + -89. Does 16 divide ((-2 - -1) + -177)*h/(-6)?
False
Suppose -3100 = 5*t - 13900. Suppose 12*n + 3*n = t. Is n a multiple of 8?
True
Let s(k) = 2*k**3 - 6*k**2 - 7*k + 61. Let o be s(5). Suppose -4*y - 147 = 41. Let m = o + y. Is 26 a factor of m?
False
Suppose 0 = -l + 3*v - 2*v + 229, -4*l - 3*v = -902. Does 9 divide l?
False
Does 47 divide 1830 - (-1 - -2)*24/(-8)?
True
Suppose 0 = 3*d - 3. Let w be (-1)/((-46)/(-48) - d). Suppose t - w = -3*q + 41, 5 = -q + 5*t. Is 14 a factor of q?
False
Let s be (24/(-15) + 0)/((-6)/15). Let q(k) = -k**3 + 6*k**2 + 7*k. Is q(s) a multiple of 15?
True
Let o(h) = -h + 2. Let i be o(-2). Suppose -17 = -j + 4*m, i*j + 3*m = -0 + 11. Suppose 3*p - p = 0, -125 = -j*d + 4*p. Does 25 divide d?
True
Let v be (2*1)/2*-7. Let p(o) be the second derivative of -o**3/3 - 4*o**2 - 27*o. Is p(v) even?
True
Let l be (-21)/63 + (-8)/3. Let t be (-1)/l - 55/(-15). Suppose 6*g - 3*g - 85 = k, 125 = t*g + k. Is 15 a factor of g?
True
Let k = 0 - 0. Suppose k*i + 204 = 6*i. Does 13 divide i?
False
Let q(k) = k**3 + 30*k**2 + 12*k - 41. Let m be q(-29). Let c = 697 - m. Does 35 divide c?
True
Let t(i) = 7*i**3 + i**2 - 8*i + 138. Is 21 a factor of t(6)?
True
Suppose 5*l - 10 = 3*j - 8*j, -4*l = -5*j + 28. Is 150 + j/(-20) + (-14)/5 a multiple of 16?
False
Let x(m) = -m**3 + 9*m**2 - 12*m + 14. Let d(t) = -t**3 + 5*t**2 - 3*t + 3. Let y be d(2). Let v be x(y). Let h = v + 137. Is h a multiple of 20?
False
Let f(x) = 9*x + 6*x**2 - 3*x**2 - 4*x**2 + 4. Let h(o) = -2*o - 2. Let c be h(-5). Does 12 divide f(c)?
True
Let c(j) be the third derivative of 47*j**4/8 + j**3/3 - j**2. Let u be c(1). Suppose -4*r + 2*y = -141 - u, -272 = -4*r + 5*y. Is 14 a factor of r?
False
Let n = -439 + 661. Is 37 a factor of n?
True
Suppose 0*u + 3*u + 4*d - 1 = 0, 0 = 2*u + 2*d - 4. Suppose -x - 252 = -u*x. Does 14 divide x?
True
Suppose -321 = -19*m + 838. Suppose m*y = 63*y - 220. Does 11 divide y?
True
Suppose -21*l = -54*l + 3465. Does 24 divide l?
False
Let w(g) = g**2 + 9*g + 8. Let v be w(-7). Is 25 a factor of (-9584)/(-96) + (-1)/v?
True
Let v(y) = -8*y**2 - y. Let h be (-17)/(-15) + 12/(-90). Let x be v(h). Let p = x + 38. Is p a multiple of 8?
False
Suppose -2*m - 481 = -2127. Does 27 divide m?
False
Let k = -3 + 15. Let d be 0*-3*(-2)/k. Suppose -2*x + 476 = 4*y, d = -4*y + x - 163 + 639. Is 17 a factor of y?
True
Let f(j) = 4*j**2 - 1 - 3 - 2*j**3 + 3*j**3 + 3*j - j. Let n be f(-3). Is n/((-71)/(-24) - 3) a multiple of 12?
True
Let z(i) = -i**3 + 7*i**2 + 10*i + 1. Suppose 4*k = -4*y + 24, -23 = -2*y + k - 2. Suppose 23 = 4*o - y. Does 7 divide z(o)?
False
Suppose -56*y + 4*y + 1456 = 0. Is y even?
True
Suppose -4*b = r - 1008, -8*b - 2055 = -2*r - 3*b. Does 68 divide r?
True
Let h(c) = 5 - 2*c**3 - c**2 + 7*c + 0*c**2 - 3*c**2. Is 40 a factor of h(-5)?
True
Let o(g) = -7*g**2 - 17*g + 2. Let q(k) = -16*k**2 - 34*k + 5. Let d(n) = -9*o(n) + 4*q(n). Let t be 1 + 0 - 1 - -15. Does 16 divide d(t)?
True
Let t = -191 - -221. Does 7 divide t?
False
Is 5/(75/(-9)) + (-6777)/(-45) a multiple of 5?
True
Let a be ((-60)/18 - 4)/(2/3). Let k(x) = -x + 17. Does 11 divide k(a)?
False
Let l(u) = u**2 + 9*u + 30. Is 39 a factor of l(-24)?
True
Suppose 2756 = 10*c - 6*c + 4*p, -2059 = -3*c - p. Let d = -457 + c. Does 38 divide d?
True
Let n be 1 + (-2)/12 + (-3)/(-18). Let h(u) = 280*u**2 - u + 1. Does 14 divide h(n)?
True
Let r(l) = 3*l - 3*l + l**2 + 144 - 151. Suppose -3 - 22 = 5*u. Does 10 divide r(u)?
False
Let d(q) = q**3 - 9*q**2 + 3*q - 22. Suppose 3*v + 24 = 5*m - 17, 3*m + 4*v - 42 = 0. Does 27 divide d(m)?
True
Let d be (-12)/(-4 + 0) + -1. Suppose -3*a - 4*i + 533 = 0, 4*a + i + d*i = 699. Is a a multiple of 19?
True
Let c = 2654 + -1192. Does 43 divide c?
True
Let p(g) = 7*g**2 - 4*g + 15. Let h be p(7). Is 33 a factor of (h/24)/((-3)/(-36))?
True
Let a = -48 - -56. Suppose a*w = 9*w - 85. Does 12 divide w?
False
Let m = -32 + 44. Let g = -10 + m. Suppose -3*w = g*w + 5*b - 205, 0 = 5*w - b - 199. Does 30 divide w?
False
Let v(a) = a**3 + 10*a**2 + 11*a + 9. Let j be v(-9). Let b = j - -7. Does 13 divide 1/((-2)/26)*b?
True
Suppose 3*n + 2*c + 3*c = 1610, 3*n + 2*c - 1616 = 0. Does 9 divide n?
True
Suppose -3*a = 4*q - 1304, 5*q - 1241 - 400 = -a. Is q a multiple of 7?
True
Let o = -8 - -6. Let p = o - -3. Suppose -u = -p - 9. Does 3 divide u?
False
Let q = -16 - -19. Suppose 3*x = 4*b - 100, 0 = -3*b + q*x - 5*x + 75. Does 23 divide b?
False
Suppose 94*l - 85*l = 16992. Is l a multiple of 16?
True
Let g(p) be the third derivative of -p**6/30 - p**4/8 - p**3/3 - 4*p**2. Let z be g(-2). Does 5 divide 10/6*z/10?
False
Is (-2549)/(-3) + 26/(-39) a multiple of 58?
False
Let w(n) = 7*n**2 - 5*n + 26. Does 17 divide w(8)?
False
Let f = 28 - 26. Suppose f*s + 3*s - 435 = 0. Is s a multiple of 33?
False
Let l(i) = -i**2 + 6*i - 1. Suppose -5*f = -7*f + 8. Let r be l(f). Suppose 0*d - r = -d. Is d a multiple of 5?
False
Is 16 a factor of (-6)/((-1)/2000*5)?
True
Let q be ((-4)/4)/(2/254). Let c be -2*(1719/(-12))/(3/2). Let o = q + c. Does 20 divide o?
False
Let r(f) = f**3 - 8*f**2 + 14*f - 3. Let k be r(6). Let j = 13 - k. Suppose -2*p + j*p = 136. Is p a multiple of 17?
True
Suppose -4*r - 11 - 41 = 0. Does 5 divide (r - -27) + (2 - 1)?
True
Let m(c) = c**2 + c + 406. Is m(0) a multiple of 29?
True
Let y(q) = q**2 - q. Let v be y(-3). Suppose 8*o + 20 = 3*o. Let n = v + o. Is 2 a factor of n?
True
Let c(w) = 22*w**2 - 104*w + 4. Is c(6) a multiple of 8?
False
Suppose -32 = b + 2*o - 6, -4*o + 48 = -3*b. Let k = 359 - b. Is k a multiple of 51?
False
Let u = 3741 - 2483. Does 17 divide u?
True
Suppose -5*p + 215 = -15. Let s = p + -26. Does 20 divide s?
True
Let u be (-18)/(-81) - 25/(-9). Let x be (4/u)/((-22)/(-33)). Suppose -x*f = -99 + 27. Is f a multiple of 12?
True
Let d(w) = -10*w**2 - 25*w + 9. Let t(b) = 3*b**2 + 8*b - 3. Let n(c) = -2*d(c) - 7*t(c). Let f be n(-3). Let a = 66 - f. Does 27 divide a?
True
Suppose -q = -3*q + 6, 2*v + q - 101 = 0. Let m = v - -103. Is 38 a factor of m?
True
Let v(t) = t - 22. Let d be v(24). Suppose b - 3*r - 26 = 0, 0 - 8 = -d*b - 5*r. Does 14 divide b?
True
Let n(k) be the first derivative of k**2/2 - 2*k + 9. Let y be n(4). Suppose 170 - 50 = y*o. Is 20 a factor of o?
True
Let p(w) = w**2 - 8*w + 77. Is 11 a factor of p(0)?
True
Let d = 4 - 2. Suppose -4*k - 34 = -5*s, d*s + 4*k = -0*k + 8. Is (9/s)/(12/112) a multiple of 6?
False
Suppose -819 + 3129 = 11*a. Is 30 a factor of a?
True
Does 33 divide (13/(-2) + -1)*(-157 - -75)?
False
Let m = 308 - -178. Is m a multiple of 27?
True
Let k(f) be the first derivative of -f**2 + 6*f + 1. Let x be k(8). Does 13 divide ((-5)/x)/(1/26)?
True
Suppose -2*s + 5*t + 23 = 0, 7*t - 2*t = -4*s + 1. Suppose -11*l + 833 = -s*l. Does 11 divide l?
False
Let t(d) = -2*d - 2079*d**3 + 13 + 2078*d**3 + d. Is 9 a factor of t(-4)?
True
Let t = 100 + -90. Let m = 1 + -2. Let x = m + t. Is 3 a factor of x?
True
Let r(u) = 2*u**3 + 5*u + 4. Let m = 1 - 4. Let x be r(m). Let w = x + 91. Does 14 divide w?
False
Suppose 2*k + 20 - 28 = 0. Let h(w) = 23*w - 22. Is h(k) a multiple of 10?
True
Let y(s) = -6*s + s**3 + 0*s**3 - 12*s + 0 - 3 + 11*s**2. Does 19 divide y(-12)?
False
Suppose 10350 = 7*f + 23*f. Is f a multiple of 15?
True
Let m(r) = -14*r - 138. Is 3 a factor of m